{"id":173,"date":"2019-02-12T22:43:18","date_gmt":"2019-02-12T22:43:18","guid":{"rendered":"http:\/\/spielhalle-iplay.de\/?page_id=173"},"modified":"2019-11-09T17:44:08","modified_gmt":"2019-11-09T17:44:08","slug":"praevention","status":"publish","type":"page","link":"https:\/\/spielhalle-iplay.de\/?page_id=173","title":{"rendered":"Spielerschutz"},"content":{"rendered":"\n<p> <\/p>\n\n\n\n<p style=\"color:#dd3c3f;font-size:30px\" class=\"has-text-color\"><strong>Spa\u00df statt Zwang<\/strong><\/p>\n\n\n\n<p>Wir wollen, dass Spielen bleibt, was es ist: Spa\u00df und Unterhaltung. Deshalb\nnehmen wir unsere Verantwortung als Spielhallenbetreiber sehr ernst. Denn vor\nallem gegen\u00fcber Menschen mit pathologischem Spielverhalten und Jugendlichen\nhaben wir eine gro\u00dfe Verantwortung.&nbsp; Deshalb wird Spielerschutz bei uns\ngro\u00df geschrieben:<\/p>\n\n\n\n<p>Verantwortungsvolles Spielen \u2013 das ist unsere Ziel<\/p>\n\n\n\n<p>Fr\u00fchzeitige Pr\u00e4vention \u2013 das ist unser Weg.<\/p>\n\n\n\n<p>Fr\u00fch erkennen, schnell eingreifen \u2013 das ist unser Prinzip.<\/p>\n\n\n\n<p>Spielsucht ist eine Krankheit, die wir sehr ernst nehmen. Deshalb haben wir\nein Sozialkonzept etabliert, das gesetzliche Vorgaben nicht nur erf\u00fcllt,\nsondern sogar \u00fcbertrifft. Im Mittelpunkt unserer pr\u00e4ventiven Ma\u00dfnahmen stehen\nder Schutz von Jugendlichen und Spielg\u00e4sten, die Einhaltung der freiwilligen\nSelbstkontrolle sowie die Information der G\u00e4ste \u00fcber professionelle\nHilfsangebote.<\/p>\n\n\n\n<p>Von der Spielhallenf\u00fchrung bis zum Service wirken alle Mitarbeiter\/in der <strong>Spielhalle iPlay<\/strong> bei der Umsetzung des Konzeptes mit. <\/p>\n\n\n\n<p>Unsere Serviceteams werden umfassend geschult. Fallen uns Anzeichen einer\nSucht bei G\u00e4sten auf, sprechen wir diese aktiv an, weisen auf die Problematik\nhin und bieten Unterst\u00fctzung an. In jeder unserer Spielhallen k\u00f6nnen sich G\u00e4ste\n\u00fcber Spielsucht informieren.<\/p>\n\n\n\n<p>Als Spielhallenbetreiber f\u00fchlen wir uns dem verantwortungsvollen und\nnachhaltigen Spielvergn\u00fcgen unserer G\u00e4ste verpflichtet.<\/p>\n","protected":false},"excerpt":{"rendered":"<p>Spa\u00df statt Zwang Wir wollen, dass Spielen bleibt, was es ist: Spa\u00df und Unterhaltung. Deshalb nehmen wir unsere Verantwortung als Spielhallenbetreiber sehr ernst. Denn vor allem gegen\u00fcber Menschen mit pathologischem Spielverhalten und Jugendlichen haben wir eine gro\u00dfe Verantwortung.&nbsp; Deshalb wird Spielerschutz bei uns gro\u00df geschrieben: Verantwortungsvolles Spielen \u2013 das ist unsere Ziel Fr\u00fchzeitige Pr\u00e4vention \u2013 &hellip; <a href=\"https:\/\/spielhalle-iplay.de\/?page_id=173\" class=\"more-link\"><span class=\"screen-reader-text\">Spielerschutz<\/span> weiterlesen <span class=\"meta-nav\">&rarr;<\/span><\/a><\/p>\n","protected":false},"author":1,"featured_media":0,"parent":0,"menu_order":0,"comment_status":"closed","ping_status":"closed","template":"","meta":{"jetpack_post_was_ever_published":false,"footnotes":""},"class_list":["post-173","page","type-page","status-publish","hentry"],"yoast_head":"<!-- This site is optimized with the Yoast SEO plugin v26.8 - https:\/\/yoast.com\/product\/yoast-seo-wordpress\/ -->\n<title>Spielerschutz - Spielhalle iPlay<\/title>\n<meta name=\"robots\" content=\"index, follow, max-snippet:-1, max-image-preview:large, max-video-preview:-1\" \/>\n<link rel=\"canonical\" href=\"https:\/\/spielhalle-iplay.de\/?page_id=173\" \/>\n<meta property=\"og:locale\" content=\"de_DE\" \/>\n<meta property=\"og:type\" content=\"article\" \/>\n<meta property=\"og:title\" content=\"Spielerschutz - Spielhalle iPlay\" \/>\n<meta property=\"og:description\" content=\"Spa\u00df statt Zwang Wir wollen, dass Spielen bleibt, was es ist: Spa\u00df und Unterhaltung. Deshalb nehmen wir unsere Verantwortung als Spielhallenbetreiber sehr ernst. Denn vor allem gegen\u00fcber Menschen mit pathologischem Spielverhalten und Jugendlichen haben wir eine gro\u00dfe Verantwortung.&nbsp; Deshalb wird Spielerschutz bei uns gro\u00df geschrieben: Verantwortungsvolles Spielen \u2013 das ist unsere Ziel Fr\u00fchzeitige Pr\u00e4vention \u2013 &hellip; Spielerschutz weiterlesen &rarr;\" \/>\n<meta property=\"og:url\" content=\"https:\/\/spielhalle-iplay.de\/?page_id=173\" \/>\n<meta property=\"og:site_name\" content=\"Spielhalle iPlay\" \/>\n<meta property=\"article:modified_time\" content=\"2019-11-09T17:44:08+00:00\" \/>\n<meta name=\"twitter:card\" content=\"summary_large_image\" \/>\n<meta name=\"twitter:label1\" content=\"Gesch\u00e4tzte Lesezeit\" \/>\n\t<meta name=\"twitter:data1\" content=\"1\u00a0Minute\" \/>\n<script type=\"application\/ld+json\" class=\"yoast-schema-graph\">{\"@context\":\"https:\/\/schema.org\",\"@graph\":[{\"@type\":\"WebPage\",\"@id\":\"https:\/\/spielhalle-iplay.de\/?page_id=173\",\"url\":\"https:\/\/spielhalle-iplay.de\/?page_id=173\",\"name\":\"Spielerschutz - Spielhalle iPlay\",\"isPartOf\":{\"@id\":\"https:\/\/spielhalle-iplay.de\/#website\"},\"datePublished\":\"2019-02-12T22:43:18+00:00\",\"dateModified\":\"2019-11-09T17:44:08+00:00\",\"breadcrumb\":{\"@id\":\"https:\/\/spielhalle-iplay.de\/?page_id=173#breadcrumb\"},\"inLanguage\":\"de\",\"potentialAction\":[{\"@type\":\"ReadAction\",\"target\":[\"https:\/\/spielhalle-iplay.de\/?page_id=173\"]}]},{\"@type\":\"BreadcrumbList\",\"@id\":\"https:\/\/spielhalle-iplay.de\/?page_id=173#breadcrumb\",\"itemListElement\":[{\"@type\":\"ListItem\",\"position\":1,\"name\":\"Startseite\",\"item\":\"https:\/\/spielhalle-iplay.de\/\"},{\"@type\":\"ListItem\",\"position\":2,\"name\":\"Spielerschutz\"}]},{\"@type\":\"WebSite\",\"@id\":\"https:\/\/spielhalle-iplay.de\/#website\",\"url\":\"https:\/\/spielhalle-iplay.de\/\",\"name\":\"Spielhalle iPlay\",\"description\":\"\",\"potentialAction\":[{\"@type\":\"SearchAction\",\"target\":{\"@type\":\"EntryPoint\",\"urlTemplate\":\"https:\/\/spielhalle-iplay.de\/?s={search_term_string}\"},\"query-input\":{\"@type\":\"PropertyValueSpecification\",\"valueRequired\":true,\"valueName\":\"search_term_string\"}}],\"inLanguage\":\"de\"}]}<\/script>\n<!-- \/ Yoast SEO plugin. -->","yoast_head_json":{"title":"Spielerschutz - Spielhalle iPlay","robots":{"index":"index","follow":"follow","max-snippet":"max-snippet:-1","max-image-preview":"max-image-preview:large","max-video-preview":"max-video-preview:-1"},"canonical":"https:\/\/spielhalle-iplay.de\/?page_id=173","og_locale":"de_DE","og_type":"article","og_title":"Spielerschutz - Spielhalle iPlay","og_description":"Spa\u00df statt Zwang Wir wollen, dass Spielen bleibt, was es ist: Spa\u00df und Unterhaltung. Deshalb nehmen wir unsere Verantwortung als Spielhallenbetreiber sehr ernst. Denn vor allem gegen\u00fcber Menschen mit pathologischem Spielverhalten und Jugendlichen haben wir eine gro\u00dfe Verantwortung.&nbsp; Deshalb wird Spielerschutz bei uns gro\u00df geschrieben: Verantwortungsvolles Spielen \u2013 das ist unsere Ziel Fr\u00fchzeitige Pr\u00e4vention \u2013 &hellip; Spielerschutz weiterlesen &rarr;","og_url":"https:\/\/spielhalle-iplay.de\/?page_id=173","og_site_name":"Spielhalle iPlay","article_modified_time":"2019-11-09T17:44:08+00:00","twitter_card":"summary_large_image","twitter_misc":{"Gesch\u00e4tzte Lesezeit":"1\u00a0Minute"},"schema":{"@context":"https:\/\/schema.org","@graph":[{"@type":"WebPage","@id":"https:\/\/spielhalle-iplay.de\/?page_id=173","url":"https:\/\/spielhalle-iplay.de\/?page_id=173","name":"Spielerschutz - Spielhalle iPlay","isPartOf":{"@id":"https:\/\/spielhalle-iplay.de\/#website"},"datePublished":"2019-02-12T22:43:18+00:00","dateModified":"2019-11-09T17:44:08+00:00","breadcrumb":{"@id":"https:\/\/spielhalle-iplay.de\/?page_id=173#breadcrumb"},"inLanguage":"de","potentialAction":[{"@type":"ReadAction","target":["https:\/\/spielhalle-iplay.de\/?page_id=173"]}]},{"@type":"BreadcrumbList","@id":"https:\/\/spielhalle-iplay.de\/?page_id=173#breadcrumb","itemListElement":[{"@type":"ListItem","position":1,"name":"Startseite","item":"https:\/\/spielhalle-iplay.de\/"},{"@type":"ListItem","position":2,"name":"Spielerschutz"}]},{"@type":"WebSite","@id":"https:\/\/spielhalle-iplay.de\/#website","url":"https:\/\/spielhalle-iplay.de\/","name":"Spielhalle iPlay","description":"","potentialAction":[{"@type":"SearchAction","target":{"@type":"EntryPoint","urlTemplate":"https:\/\/spielhalle-iplay.de\/?s={search_term_string}"},"query-input":{"@type":"PropertyValueSpecification","valueRequired":true,"valueName":"search_term_string"}}],"inLanguage":"de"}]}},"jetpack_sharing_enabled":true,"jetpack_shortlink":"https:\/\/wp.me\/PaIoU5-2N","jetpack-related-posts":[],"_links":{"self":[{"href":"https:\/\/spielhalle-iplay.de\/index.php?rest_route=\/wp\/v2\/pages\/173","targetHints":{"allow":["GET"]}}],"collection":[{"href":"https:\/\/spielhalle-iplay.de\/index.php?rest_route=\/wp\/v2\/pages"}],"about":[{"href":"https:\/\/spielhalle-iplay.de\/index.php?rest_route=\/wp\/v2\/types\/page"}],"author":[{"embeddable":true,"href":"https:\/\/spielhalle-iplay.de\/index.php?rest_route=\/wp\/v2\/users\/1"}],"replies":[{"embeddable":true,"href":"https:\/\/spielhalle-iplay.de\/index.php?rest_route=%2Fwp%2Fv2%2Fcomments&post=173"}],"version-history":[{"count":6,"href":"https:\/\/spielhalle-iplay.de\/index.php?rest_route=\/wp\/v2\/pages\/173\/revisions"}],"predecessor-version":[{"id":595,"href":"https:\/\/spielhalle-iplay.de\/index.php?rest_route=\/wp\/v2\/pages\/173\/revisions\/595"}],"wp:attachment":[{"href":"https:\/\/spielhalle-iplay.de\/index.php?rest_route=%2Fwp%2Fv2%2Fmedia&parent=173"}],"curies":[{"name":"wp","href":"https:\/\/api.w.org\/{rel}","templated":true}]}}