{"id":290,"date":"2019-02-13T14:52:08","date_gmt":"2019-02-13T14:52:08","guid":{"rendered":"http:\/\/spielhalle-iplay.de\/?page_id=290"},"modified":"2019-11-09T17:43:32","modified_gmt":"2019-11-09T17:43:32","slug":"praevention-2","status":"publish","type":"page","link":"https:\/\/spielhalle-iplay.de\/?page_id=290","title":{"rendered":"Pr\u00e4vention"},"content":{"rendered":"\n<p style=\"color:#dd3c3f;font-size:27px\" class=\"has-text-color\"><strong>Fr\u00fch erkennen \u2013 sofort eingreifen<\/strong><\/p>\n\n\n\n<p>F\u00fcr das verantwortungsvolle Spielen an Geld-Gewinn-Spielger\u00e4ten haben der Bundesverband der Automatenunternehmer e. V. und das FORUM f\u00fcr Automatenunternehmer in Europa e. V. diese zehn Grundregeln aufgestellt:<\/p>\n\n\n\n<ol class=\"wp-block-list\"><li>Geld-Gewinnspiele dienen der Unterhaltung. Spielen Sie nicht, um dadurch Problemen oder Sorgen zu entfliehen.<\/li><li>Setzen Sie sich vor Spielbeginn ein festes finanzielles Limit.<\/li><li>Informieren Sie sich vor Spielbeginn genau \u00fcber Spielablauf und Gewinnchancen.<\/li><li>Achten Sie darauf, dass andere Freizeitbesch\u00e4ftigungen nicht zu kurz kommen.<\/li><li>Legen Sie Spielh\u00e4ufigkeit (z.B. Tag\/Monat) und Spieldauer (z.B. Stunden\/Tag) verbindlich fest.<\/li><li>Spielen Sie nur mit Geld, das Sie nicht f\u00fcr andere wichtige Dinge ben\u00f6tigen.<\/li><li>Spielen Sie niemals mit geliehenem Geld.<\/li><li>Machen Sie regelm\u00e4\u00dfig Spielpausen.<\/li><li>Versuchen Sie nicht, durch neue Eins\u00e4tze das verspielte Geld zur\u00fcckzugewinnen.<\/li><li>Auch wenn es vielleicht schwerf\u00e4llt: Beenden Sie das Spielen nach einer Gl\u00fccksstr\u00e4hne und nehmen Sie den Gewinn mit nach Hause!<\/li><\/ol>\n","protected":false},"excerpt":{"rendered":"<p>Fr\u00fch erkennen \u2013 sofort eingreifen F\u00fcr das verantwortungsvolle Spielen an Geld-Gewinn-Spielger\u00e4ten haben der Bundesverband der Automatenunternehmer e. V. und das FORUM f\u00fcr Automatenunternehmer in Europa e. V. diese zehn Grundregeln aufgestellt: Geld-Gewinnspiele dienen der Unterhaltung. Spielen Sie nicht, um dadurch Problemen oder Sorgen zu entfliehen. Setzen Sie sich vor Spielbeginn ein festes finanzielles Limit. Informieren &hellip; <a href=\"https:\/\/spielhalle-iplay.de\/?page_id=290\" class=\"more-link\"><span class=\"screen-reader-text\">Pr\u00e4vention<\/span> weiterlesen <span class=\"meta-nav\">&rarr;<\/span><\/a><\/p>\n","protected":false},"author":1,"featured_media":0,"parent":0,"menu_order":0,"comment_status":"closed","ping_status":"closed","template":"","meta":{"jetpack_post_was_ever_published":false,"footnotes":""},"class_list":["post-290","page","type-page","status-publish","hentry"],"yoast_head":"<!-- This site is optimized with the Yoast SEO plugin v26.8 - https:\/\/yoast.com\/product\/yoast-seo-wordpress\/ -->\n<title>Pr\u00e4vention - Spielhalle iPlay<\/title>\n<meta name=\"robots\" content=\"index, follow, max-snippet:-1, max-image-preview:large, max-video-preview:-1\" \/>\n<link rel=\"canonical\" href=\"https:\/\/spielhalle-iplay.de\/?page_id=290\" \/>\n<meta property=\"og:locale\" content=\"de_DE\" \/>\n<meta property=\"og:type\" content=\"article\" \/>\n<meta property=\"og:title\" content=\"Pr\u00e4vention - Spielhalle iPlay\" \/>\n<meta property=\"og:description\" content=\"Fr\u00fch erkennen \u2013 sofort eingreifen F\u00fcr das verantwortungsvolle Spielen an Geld-Gewinn-Spielger\u00e4ten haben der Bundesverband der Automatenunternehmer e. V. und das FORUM f\u00fcr Automatenunternehmer in Europa e. V. diese zehn Grundregeln aufgestellt: Geld-Gewinnspiele dienen der Unterhaltung. Spielen Sie nicht, um dadurch Problemen oder Sorgen zu entfliehen. Setzen Sie sich vor Spielbeginn ein festes finanzielles Limit. Informieren &hellip; Pr\u00e4vention weiterlesen &rarr;\" \/>\n<meta property=\"og:url\" content=\"https:\/\/spielhalle-iplay.de\/?page_id=290\" \/>\n<meta property=\"og:site_name\" content=\"Spielhalle iPlay\" \/>\n<meta property=\"article:modified_time\" content=\"2019-11-09T17:43:32+00:00\" \/>\n<meta name=\"twitter:card\" content=\"summary_large_image\" \/>\n<meta name=\"twitter:label1\" content=\"Gesch\u00e4tzte Lesezeit\" \/>\n\t<meta name=\"twitter:data1\" content=\"1\u00a0Minute\" \/>\n<script type=\"application\/ld+json\" class=\"yoast-schema-graph\">{\"@context\":\"https:\/\/schema.org\",\"@graph\":[{\"@type\":\"WebPage\",\"@id\":\"https:\/\/spielhalle-iplay.de\/?page_id=290\",\"url\":\"https:\/\/spielhalle-iplay.de\/?page_id=290\",\"name\":\"Pr\u00e4vention - Spielhalle iPlay\",\"isPartOf\":{\"@id\":\"https:\/\/spielhalle-iplay.de\/#website\"},\"datePublished\":\"2019-02-13T14:52:08+00:00\",\"dateModified\":\"2019-11-09T17:43:32+00:00\",\"breadcrumb\":{\"@id\":\"https:\/\/spielhalle-iplay.de\/?page_id=290#breadcrumb\"},\"inLanguage\":\"de\",\"potentialAction\":[{\"@type\":\"ReadAction\",\"target\":[\"https:\/\/spielhalle-iplay.de\/?page_id=290\"]}]},{\"@type\":\"BreadcrumbList\",\"@id\":\"https:\/\/spielhalle-iplay.de\/?page_id=290#breadcrumb\",\"itemListElement\":[{\"@type\":\"ListItem\",\"position\":1,\"name\":\"Startseite\",\"item\":\"https:\/\/spielhalle-iplay.de\/\"},{\"@type\":\"ListItem\",\"position\":2,\"name\":\"Pr\u00e4vention\"}]},{\"@type\":\"WebSite\",\"@id\":\"https:\/\/spielhalle-iplay.de\/#website\",\"url\":\"https:\/\/spielhalle-iplay.de\/\",\"name\":\"Spielhalle iPlay\",\"description\":\"\",\"potentialAction\":[{\"@type\":\"SearchAction\",\"target\":{\"@type\":\"EntryPoint\",\"urlTemplate\":\"https:\/\/spielhalle-iplay.de\/?s={search_term_string}\"},\"query-input\":{\"@type\":\"PropertyValueSpecification\",\"valueRequired\":true,\"valueName\":\"search_term_string\"}}],\"inLanguage\":\"de\"}]}<\/script>\n<!-- \/ Yoast SEO plugin. -->","yoast_head_json":{"title":"Pr\u00e4vention - Spielhalle iPlay","robots":{"index":"index","follow":"follow","max-snippet":"max-snippet:-1","max-image-preview":"max-image-preview:large","max-video-preview":"max-video-preview:-1"},"canonical":"https:\/\/spielhalle-iplay.de\/?page_id=290","og_locale":"de_DE","og_type":"article","og_title":"Pr\u00e4vention - Spielhalle iPlay","og_description":"Fr\u00fch erkennen \u2013 sofort eingreifen F\u00fcr das verantwortungsvolle Spielen an Geld-Gewinn-Spielger\u00e4ten haben der Bundesverband der Automatenunternehmer e. V. und das FORUM f\u00fcr Automatenunternehmer in Europa e. V. diese zehn Grundregeln aufgestellt: Geld-Gewinnspiele dienen der Unterhaltung. Spielen Sie nicht, um dadurch Problemen oder Sorgen zu entfliehen. Setzen Sie sich vor Spielbeginn ein festes finanzielles Limit. Informieren &hellip; Pr\u00e4vention weiterlesen &rarr;","og_url":"https:\/\/spielhalle-iplay.de\/?page_id=290","og_site_name":"Spielhalle iPlay","article_modified_time":"2019-11-09T17:43:32+00:00","twitter_card":"summary_large_image","twitter_misc":{"Gesch\u00e4tzte Lesezeit":"1\u00a0Minute"},"schema":{"@context":"https:\/\/schema.org","@graph":[{"@type":"WebPage","@id":"https:\/\/spielhalle-iplay.de\/?page_id=290","url":"https:\/\/spielhalle-iplay.de\/?page_id=290","name":"Pr\u00e4vention - Spielhalle iPlay","isPartOf":{"@id":"https:\/\/spielhalle-iplay.de\/#website"},"datePublished":"2019-02-13T14:52:08+00:00","dateModified":"2019-11-09T17:43:32+00:00","breadcrumb":{"@id":"https:\/\/spielhalle-iplay.de\/?page_id=290#breadcrumb"},"inLanguage":"de","potentialAction":[{"@type":"ReadAction","target":["https:\/\/spielhalle-iplay.de\/?page_id=290"]}]},{"@type":"BreadcrumbList","@id":"https:\/\/spielhalle-iplay.de\/?page_id=290#breadcrumb","itemListElement":[{"@type":"ListItem","position":1,"name":"Startseite","item":"https:\/\/spielhalle-iplay.de\/"},{"@type":"ListItem","position":2,"name":"Pr\u00e4vention"}]},{"@type":"WebSite","@id":"https:\/\/spielhalle-iplay.de\/#website","url":"https:\/\/spielhalle-iplay.de\/","name":"Spielhalle iPlay","description":"","potentialAction":[{"@type":"SearchAction","target":{"@type":"EntryPoint","urlTemplate":"https:\/\/spielhalle-iplay.de\/?s={search_term_string}"},"query-input":{"@type":"PropertyValueSpecification","valueRequired":true,"valueName":"search_term_string"}}],"inLanguage":"de"}]}},"jetpack_sharing_enabled":true,"jetpack_shortlink":"https:\/\/wp.me\/PaIoU5-4G","jetpack-related-posts":[],"_links":{"self":[{"href":"https:\/\/spielhalle-iplay.de\/index.php?rest_route=\/wp\/v2\/pages\/290","targetHints":{"allow":["GET"]}}],"collection":[{"href":"https:\/\/spielhalle-iplay.de\/index.php?rest_route=\/wp\/v2\/pages"}],"about":[{"href":"https:\/\/spielhalle-iplay.de\/index.php?rest_route=\/wp\/v2\/types\/page"}],"author":[{"embeddable":true,"href":"https:\/\/spielhalle-iplay.de\/index.php?rest_route=\/wp\/v2\/users\/1"}],"replies":[{"embeddable":true,"href":"https:\/\/spielhalle-iplay.de\/index.php?rest_route=%2Fwp%2Fv2%2Fcomments&post=290"}],"version-history":[{"count":6,"href":"https:\/\/spielhalle-iplay.de\/index.php?rest_route=\/wp\/v2\/pages\/290\/revisions"}],"predecessor-version":[{"id":594,"href":"https:\/\/spielhalle-iplay.de\/index.php?rest_route=\/wp\/v2\/pages\/290\/revisions\/594"}],"wp:attachment":[{"href":"https:\/\/spielhalle-iplay.de\/index.php?rest_route=%2Fwp%2Fv2%2Fmedia&parent=290"}],"curies":[{"name":"wp","href":"https:\/\/api.w.org\/{rel}","templated":true}]}}